{"id":1889,"date":"2022-10-16T14:20:55","date_gmt":"2022-10-16T17:20:55","guid":{"rendered":"https:\/\/www.nilit.com.br\/?page_id=1889"},"modified":"2022-10-24T18:53:23","modified_gmt":"2022-10-24T21:53:23","slug":"homologacao-e-etiquetas","status":"publish","type":"page","link":"https:\/\/www.nilit.com.br\/supplex\/homologacao-e-etiquetas\/","title":{"rendered":"Homologa\u00e7\u00e3o e Etiquetas"},"content":{"rendered":"\n<p class=\"has-text-align-center\">Para fazer parte do programa de homologa\u00e7\u00e3o de confec\u00e7\u00f5es e marcas, e solicitar etiquetas, por favor envie-nos os seus dados e entraremos em contato.<\/p>\n\n\n\n<div class=\"wp-block-contact-form-7-contact-form-selector\">\n<div class=\"wpcf7 no-js\" id=\"wpcf7-f1891-o1\" lang=\"pt-BR\" dir=\"ltr\" data-wpcf7-id=\"1891\">\n<div class=\"screen-reader-response\"><p role=\"status\" aria-live=\"polite\" aria-atomic=\"true\"><\/p> <ul><\/ul><\/div>\n<form action=\"\/supplex\/wp-json\/wp\/v2\/pages\/1889#wpcf7-f1891-o1\" method=\"post\" class=\"wpcf7-form init\" aria-label=\"Formul\u00e1rios de contato\" novalidate=\"novalidate\" data-status=\"init\">\n<fieldset class=\"hidden-fields-container\"><input type=\"hidden\" name=\"_wpcf7\" value=\"1891\" \/><input type=\"hidden\" name=\"_wpcf7_version\" value=\"6.1.5\" \/><input type=\"hidden\" name=\"_wpcf7_locale\" value=\"pt_BR\" \/><input type=\"hidden\" name=\"_wpcf7_unit_tag\" value=\"wpcf7-f1891-o1\" \/><input type=\"hidden\" name=\"_wpcf7_container_post\" value=\"0\" \/><input type=\"hidden\" name=\"_wpcf7_posted_data_hash\" value=\"\" \/><input type=\"hidden\" name=\"_wpcf7_recaptcha_response\" value=\"\" \/>\n<\/fieldset>\n<div class=\"row mt-3 mb-3\">\n\t<div class=\"col-12 col-md-6\">\n\t\t<label class=\"form-label\">Raz\u00e3o Social *:\n\t\t\t<span class=\"wpcf7-form-control-wrap\" data-name=\"contact-razao-social\"><input size=\"40\" maxlength=\"400\" class=\"wpcf7-form-control wpcf7-text wpcf7-validates-as-required form-control\" aria-required=\"true\" aria-invalid=\"false\" value=\"\" type=\"text\" name=\"contact-razao-social\" \/><\/span>\n\t\t<\/label>\n\t<\/div>\n\t<div class=\"col-12 col-md-6\">\n\t\t<label class=\"form-label\">Nome Fantasia *:\n\t\t\t<span class=\"wpcf7-form-control-wrap\" data-name=\"contact-nome-fantasia\"><input size=\"40\" maxlength=\"400\" class=\"wpcf7-form-control wpcf7-text wpcf7-validates-as-required form-control\" aria-required=\"true\" aria-invalid=\"false\" value=\"\" type=\"text\" name=\"contact-nome-fantasia\" \/><\/span>\n\t\t<\/label>\n\t<\/div>\n\n\t<div class=\"col-12 col-md-6\">\n\t\t<label class=\"form-label\">Respons\u00e1vel *:\n\t\t\t<span class=\"wpcf7-form-control-wrap\" data-name=\"contact-responsavel\"><input size=\"40\" maxlength=\"400\" class=\"wpcf7-form-control wpcf7-text wpcf7-validates-as-required form-control\" aria-required=\"true\" aria-invalid=\"false\" value=\"\" type=\"text\" name=\"contact-responsavel\" \/><\/span>\n\t\t<\/label>\n\t<\/div>\n\n\t<div class=\"col-12 col-md-6\">\n\t\t<label class=\"form-label\">Telefone *:\n\t\t\t<span class=\"wpcf7-form-control-wrap\" data-name=\"contact-telefone\"><input size=\"40\" maxlength=\"400\" class=\"wpcf7-form-control wpcf7-tel wpcf7-validates-as-required wpcf7-text wpcf7-validates-as-tel form-control\" aria-required=\"true\" aria-invalid=\"false\" value=\"\" type=\"tel\" name=\"contact-telefone\" \/><\/span>\n\t\t<\/label>\n\t<\/div>\n\n\t<div class=\"col-12 col-md-6\">\n\t\t<label class=\"form-label\">Email *:\n\t\t\t<span class=\"wpcf7-form-control-wrap\" data-name=\"contact-email\"><input size=\"40\" maxlength=\"400\" class=\"wpcf7-form-control wpcf7-email wpcf7-validates-as-required wpcf7-text wpcf7-validates-as-email form-control\" aria-required=\"true\" aria-invalid=\"false\" value=\"\" type=\"email\" name=\"contact-email\" \/><\/span>\n\t\t<\/label>\n\t<\/div>\n\n\t<div class=\"col-12 col-md-6\">\n\t\t<label class=\"form-label\">Site *:\n\t\t\t<span class=\"wpcf7-form-control-wrap\" data-name=\"contact-site\"><input size=\"40\" maxlength=\"400\" class=\"wpcf7-form-control wpcf7-url wpcf7-validates-as-required wpcf7-text wpcf7-validates-as-url form-control\" aria-required=\"true\" aria-invalid=\"false\" value=\"\" type=\"url\" name=\"contact-site\" \/><\/span>\n\t\t<\/label>\n\t<\/div>\n\n\t<div class=\"col-12\">\n\t\t<label class=\"form-label\">Endere\u00e7o :\n\t\t\t<div class=\"row\">\n\t\t\t\t<div class=\"col-12 col-md-12\">\n\t\t\t\t\t<label class=\"form-label\">\n\t\t\t\t\t\t<span class=\"wpcf7-form-control-wrap\" data-name=\"contact-logradouro\"><input size=\"40\" maxlength=\"400\" class=\"wpcf7-form-control wpcf7-text form-control\" aria-invalid=\"false\" placeholder=\"Logradouro\" value=\"\" type=\"text\" name=\"contact-logradouro\" \/><\/span>\n\t\t\t\t\t<\/label>\n\t\t\t\t<\/div>\n\t\t\t\t<div class=\"col-12 col-md-6\">\n\t\t\t\t\t<label class=\"form-label\">\n\t\t\t\t\t\t<span class=\"wpcf7-form-control-wrap\" data-name=\"contact-cidade\"><input size=\"40\" maxlength=\"400\" class=\"wpcf7-form-control wpcf7-text form-control\" aria-invalid=\"false\" placeholder=\"Cidade\" value=\"\" type=\"text\" name=\"contact-cidade\" \/><\/span>\n\t\t\t\t\t<\/label>\n\t\t\t\t<\/div>\n\t\t\t\t<div class=\"col-12 col-md-6\">\n\t\t\t\t\t<label class=\"form-label\">\n\t\t\t\t\t\t<span class=\"wpcf7-form-control-wrap\" data-name=\"contact-uf\"><select class=\"wpcf7-form-control wpcf7-select form-select\" aria-invalid=\"false\" name=\"contact-uf\"><option value=\"\">Estado<\/option><option value=\"AC\">AC<\/option><option value=\"AL\">AL<\/option><option value=\"AP\">AP<\/option><option value=\"AM\">AM<\/option><option value=\"BA\">BA<\/option><option value=\"CE\">CE<\/option><option value=\"DF\">DF<\/option><option value=\"ES\">ES<\/option><option value=\"GO\">GO<\/option><option value=\"MA\">MA<\/option><option value=\"MT\">MT<\/option><option value=\"MS\">MS<\/option><option value=\"MG\">MG<\/option><option value=\"PA\">PA<\/option><option value=\"PB\">PB<\/option><option value=\"PR\">PR<\/option><option value=\"PE\">PE<\/option><option value=\"PI\">PI<\/option><option value=\"RJ\">RJ<\/option><option value=\"RN\">RN<\/option><option value=\"RS\">RS<\/option><option value=\"RO)\">RO)<\/option><option value=\"RR\">RR<\/option><option value=\"SC\">SC<\/option><option value=\"SP\">SP<\/option><option value=\"SE\">SE<\/option><option value=\"TO\">TO<\/option><\/select><\/span>\n\t\t\t\t\t<\/label>\n\t\t\t\t<\/div>\n\t\t\t\t<div class=\"col-12 col-md-6\">\n\t\t\t\t\t<label class=\"form-label\">\n\t\t\t\t\t\t<span class=\"wpcf7-form-control-wrap\" data-name=\"contact-cep\"><input size=\"40\" maxlength=\"400\" class=\"wpcf7-form-control wpcf7-text form-control\" aria-invalid=\"false\" placeholder=\"CEP\" value=\"\" type=\"text\" name=\"contact-cep\" \/><\/span>\n\t\t\t\t\t<\/label>\n\t\t\t\t<\/div>\n\t\t\t\t<div class=\"col-12 col-md-6\">\n\t\t\t\t\t<label class=\"form-label\">\n\t\t\t\t\t\t<span class=\"wpcf7-form-control-wrap\" data-name=\"contact-pais\"><select class=\"wpcf7-form-control wpcf7-select form-select\" aria-invalid=\"false\" name=\"contact-pais\"><option value=\"\">Pa\u00eds<\/option><option value=\"Brasil\">Brasil<\/option><option value=\"Outro\">Outro<\/option><\/select><\/span>\n\t\t\t\t\t<\/label>\n\t\t\t\t<\/div>\n\t\t\t<\/div>\n\t\t<\/label>\n\t<\/div>\n\t<div class=\"col-12\">\n\t\t<label class=\"form-label\">Endere\u00e7o de tr\u00eas pontos de vendas:\n\t\t\t<span class=\"wpcf7-form-control-wrap\" data-name=\"contact-pontos-de-vendas\"><textarea cols=\"40\" rows=\"3\" maxlength=\"2000\" class=\"wpcf7-form-control wpcf7-textarea form-control\" aria-invalid=\"false\" name=\"contact-pontos-de-vendas\"><\/textarea><\/span>\n\t\t<\/label>\n\t<\/div>\n\t<div class=\"col-12\">\n\t\t<label class=\"form-label\">Principais sites que comercializam produtos da marca:\n\t\t\t<span class=\"wpcf7-form-control-wrap\" data-name=\"contact-sites-produtos\"><textarea cols=\"40\" rows=\"3\" maxlength=\"2000\" class=\"wpcf7-form-control wpcf7-textarea form-control\" aria-invalid=\"false\" name=\"contact-sites-produtos\"><\/textarea><\/span>\n\t\t<\/label>\n\t<\/div>\n\t<div class=\"col-12\">\n\t\t<button type=\"submit\" class=\"btn btn-primary mt-3 mb-3\">Enviar<\/button>\n\t<\/div>\n<\/div><div class=\"wpcf7-response-output\" aria-hidden=\"true\"><\/div>\n<\/form>\n<\/div>\n<\/div>\n","protected":false},"excerpt":{"rendered":"<p>Para fazer parte do programa de homologa\u00e7\u00e3o de confec\u00e7\u00f5es e marcas, e solicitar etiquetas, por[&#8230;]<\/p>\n","protected":false},"author":1,"featured_media":0,"parent":0,"menu_order":2,"comment_status":"closed","ping_status":"closed","template":"","meta":{"_acf_changed":false,"inline_featured_image":false,"footnotes":""},"class_list":["post-1889","page","type-page","status-publish","hentry"],"acf":[],"yoast_head":"<!-- This site is optimized with the Yoast SEO plugin v27.5 - https:\/\/yoast.com\/product\/yoast-seo-wordpress\/ -->\n<title>Homologa\u00e7\u00e3o e Etiquetas - Supplex by NILIT<\/title>\n<meta name=\"robots\" content=\"index, follow, max-snippet:-1, max-image-preview:large, max-video-preview:-1\" \/>\n<link rel=\"canonical\" href=\"https:\/\/www.nilit.com.br\/supplex\/homologacao-e-etiquetas\/\" \/>\n<meta property=\"og:locale\" content=\"pt_BR\" \/>\n<meta property=\"og:type\" content=\"article\" \/>\n<meta property=\"og:title\" content=\"Homologa\u00e7\u00e3o e Etiquetas - Supplex by NILIT\" \/>\n<meta property=\"og:description\" content=\"Para fazer parte do programa de homologa\u00e7\u00e3o de confec\u00e7\u00f5es e marcas, e solicitar etiquetas, por[...]\" \/>\n<meta property=\"og:url\" content=\"https:\/\/www.nilit.com.br\/supplex\/homologacao-e-etiquetas\/\" \/>\n<meta property=\"og:site_name\" content=\"Supplex by NILIT\" \/>\n<meta property=\"article:modified_time\" content=\"2022-10-24T21:53:23+00:00\" \/>\n<meta name=\"twitter:card\" content=\"summary_large_image\" \/>\n<meta name=\"twitter:label1\" content=\"Est. tempo de leitura\" \/>\n\t<meta name=\"twitter:data1\" content=\"1 minuto\" \/>\n<script type=\"application\/ld+json\" class=\"yoast-schema-graph\">{\"@context\":\"https:\\\/\\\/schema.org\",\"@graph\":[{\"@type\":\"WebPage\",\"@id\":\"https:\\\/\\\/www.nilit.com.br\\\/supplex\\\/homologacao-e-etiquetas\\\/\",\"url\":\"https:\\\/\\\/www.nilit.com.br\\\/supplex\\\/homologacao-e-etiquetas\\\/\",\"name\":\"Homologa\u00e7\u00e3o e Etiquetas - Supplex by NILIT\",\"isPartOf\":{\"@id\":\"https:\\\/\\\/www.nilit.com.br\\\/supplex\\\/#website\"},\"datePublished\":\"2022-10-16T17:20:55+00:00\",\"dateModified\":\"2022-10-24T21:53:23+00:00\",\"breadcrumb\":{\"@id\":\"https:\\\/\\\/www.nilit.com.br\\\/supplex\\\/homologacao-e-etiquetas\\\/#breadcrumb\"},\"inLanguage\":\"pt-BR\",\"potentialAction\":[{\"@type\":\"ReadAction\",\"target\":[\"https:\\\/\\\/www.nilit.com.br\\\/supplex\\\/homologacao-e-etiquetas\\\/\"]}]},{\"@type\":\"BreadcrumbList\",\"@id\":\"https:\\\/\\\/www.nilit.com.br\\\/supplex\\\/homologacao-e-etiquetas\\\/#breadcrumb\",\"itemListElement\":[{\"@type\":\"ListItem\",\"position\":1,\"name\":\"In\u00edcio\",\"item\":\"https:\\\/\\\/www.nilit.com.br\\\/supplex\\\/\"},{\"@type\":\"ListItem\",\"position\":2,\"name\":\"Homologa\u00e7\u00e3o e Etiquetas\"}]},{\"@type\":\"WebSite\",\"@id\":\"https:\\\/\\\/www.nilit.com.br\\\/supplex\\\/#website\",\"url\":\"https:\\\/\\\/www.nilit.com.br\\\/supplex\\\/\",\"name\":\"Supplex by NILIT\",\"description\":\"| S\u00e3o Paulo | Fio de Poliamida 6.6 da Nilit\",\"publisher\":{\"@id\":\"https:\\\/\\\/www.nilit.com.br\\\/supplex\\\/#organization\"},\"potentialAction\":[{\"@type\":\"SearchAction\",\"target\":{\"@type\":\"EntryPoint\",\"urlTemplate\":\"https:\\\/\\\/www.nilit.com.br\\\/supplex\\\/?s={search_term_string}\"},\"query-input\":{\"@type\":\"PropertyValueSpecification\",\"valueRequired\":true,\"valueName\":\"search_term_string\"}}],\"inLanguage\":\"pt-BR\"},{\"@type\":\"Organization\",\"@id\":\"https:\\\/\\\/www.nilit.com.br\\\/supplex\\\/#organization\",\"name\":\"Supplex by NILIT\",\"url\":\"https:\\\/\\\/www.nilit.com.br\\\/supplex\\\/\",\"logo\":{\"@type\":\"ImageObject\",\"inLanguage\":\"pt-BR\",\"@id\":\"https:\\\/\\\/www.nilit.com.br\\\/supplex\\\/#\\\/schema\\\/logo\\\/image\\\/\",\"url\":\"https:\\\/\\\/www.nilit.com.br\\\/supplex\\\/wp-content\\\/uploads\\\/2022\\\/10\\\/supplex-logo-black.png\",\"contentUrl\":\"https:\\\/\\\/www.nilit.com.br\\\/supplex\\\/wp-content\\\/uploads\\\/2022\\\/10\\\/supplex-logo-black.png\",\"width\":324,\"height\":157,\"caption\":\"Supplex by NILIT\"},\"image\":{\"@id\":\"https:\\\/\\\/www.nilit.com.br\\\/supplex\\\/#\\\/schema\\\/logo\\\/image\\\/\"}}]}<\/script>\n<!-- \/ Yoast SEO plugin. -->","yoast_head_json":{"title":"Homologa\u00e7\u00e3o e Etiquetas - Supplex by NILIT","robots":{"index":"index","follow":"follow","max-snippet":"max-snippet:-1","max-image-preview":"max-image-preview:large","max-video-preview":"max-video-preview:-1"},"canonical":"https:\/\/www.nilit.com.br\/supplex\/homologacao-e-etiquetas\/","og_locale":"pt_BR","og_type":"article","og_title":"Homologa\u00e7\u00e3o e Etiquetas - Supplex by NILIT","og_description":"Para fazer parte do programa de homologa\u00e7\u00e3o de confec\u00e7\u00f5es e marcas, e solicitar etiquetas, por[...]","og_url":"https:\/\/www.nilit.com.br\/supplex\/homologacao-e-etiquetas\/","og_site_name":"Supplex by NILIT","article_modified_time":"2022-10-24T21:53:23+00:00","twitter_card":"summary_large_image","twitter_misc":{"Est. tempo de leitura":"1 minuto"},"schema":{"@context":"https:\/\/schema.org","@graph":[{"@type":"WebPage","@id":"https:\/\/www.nilit.com.br\/supplex\/homologacao-e-etiquetas\/","url":"https:\/\/www.nilit.com.br\/supplex\/homologacao-e-etiquetas\/","name":"Homologa\u00e7\u00e3o e Etiquetas - Supplex by NILIT","isPartOf":{"@id":"https:\/\/www.nilit.com.br\/supplex\/#website"},"datePublished":"2022-10-16T17:20:55+00:00","dateModified":"2022-10-24T21:53:23+00:00","breadcrumb":{"@id":"https:\/\/www.nilit.com.br\/supplex\/homologacao-e-etiquetas\/#breadcrumb"},"inLanguage":"pt-BR","potentialAction":[{"@type":"ReadAction","target":["https:\/\/www.nilit.com.br\/supplex\/homologacao-e-etiquetas\/"]}]},{"@type":"BreadcrumbList","@id":"https:\/\/www.nilit.com.br\/supplex\/homologacao-e-etiquetas\/#breadcrumb","itemListElement":[{"@type":"ListItem","position":1,"name":"In\u00edcio","item":"https:\/\/www.nilit.com.br\/supplex\/"},{"@type":"ListItem","position":2,"name":"Homologa\u00e7\u00e3o e Etiquetas"}]},{"@type":"WebSite","@id":"https:\/\/www.nilit.com.br\/supplex\/#website","url":"https:\/\/www.nilit.com.br\/supplex\/","name":"Supplex by NILIT","description":"| S\u00e3o Paulo | Fio de Poliamida 6.6 da Nilit","publisher":{"@id":"https:\/\/www.nilit.com.br\/supplex\/#organization"},"potentialAction":[{"@type":"SearchAction","target":{"@type":"EntryPoint","urlTemplate":"https:\/\/www.nilit.com.br\/supplex\/?s={search_term_string}"},"query-input":{"@type":"PropertyValueSpecification","valueRequired":true,"valueName":"search_term_string"}}],"inLanguage":"pt-BR"},{"@type":"Organization","@id":"https:\/\/www.nilit.com.br\/supplex\/#organization","name":"Supplex by NILIT","url":"https:\/\/www.nilit.com.br\/supplex\/","logo":{"@type":"ImageObject","inLanguage":"pt-BR","@id":"https:\/\/www.nilit.com.br\/supplex\/#\/schema\/logo\/image\/","url":"https:\/\/www.nilit.com.br\/supplex\/wp-content\/uploads\/2022\/10\/supplex-logo-black.png","contentUrl":"https:\/\/www.nilit.com.br\/supplex\/wp-content\/uploads\/2022\/10\/supplex-logo-black.png","width":324,"height":157,"caption":"Supplex by NILIT"},"image":{"@id":"https:\/\/www.nilit.com.br\/supplex\/#\/schema\/logo\/image\/"}}]}},"_links":{"self":[{"href":"https:\/\/www.nilit.com.br\/supplex\/wp-json\/wp\/v2\/pages\/1889","targetHints":{"allow":["GET"]}}],"collection":[{"href":"https:\/\/www.nilit.com.br\/supplex\/wp-json\/wp\/v2\/pages"}],"about":[{"href":"https:\/\/www.nilit.com.br\/supplex\/wp-json\/wp\/v2\/types\/page"}],"author":[{"embeddable":true,"href":"https:\/\/www.nilit.com.br\/supplex\/wp-json\/wp\/v2\/users\/1"}],"replies":[{"embeddable":true,"href":"https:\/\/www.nilit.com.br\/supplex\/wp-json\/wp\/v2\/comments?post=1889"}],"version-history":[{"count":3,"href":"https:\/\/www.nilit.com.br\/supplex\/wp-json\/wp\/v2\/pages\/1889\/revisions"}],"predecessor-version":[{"id":1967,"href":"https:\/\/www.nilit.com.br\/supplex\/wp-json\/wp\/v2\/pages\/1889\/revisions\/1967"}],"wp:attachment":[{"href":"https:\/\/www.nilit.com.br\/supplex\/wp-json\/wp\/v2\/media?parent=1889"}],"curies":[{"name":"wp","href":"https:\/\/api.w.org\/{rel}","templated":true}]}}